
Let m(t) = -t**3 - 6*t**2 - t - 1. Suppose -11 = 3*f + 25. Let k be (9/4)/(f/32). What are the prime factors of m(k)?
5
Suppose 0 = -3*q + 5 + 1. Suppose -5*m + q*m + 6 = 0. What are the prime factors of m?
2
Let y(p) = 6*p**2 + 5*p + 3. List the prime factors of y(-2).
17
Suppose 4*w = 28 + 116. What are the prime factors of w?
2, 3
Let s = 7 + 29. What are the prime factors of 2/(-8) + 1845/s?
3, 17
Suppose 2*q = 5*q. Let n = 4 + q. What are the prime factors of n?
2
Let k be (-4)/8 - 11/2. Let b(h) = -h**2 - 9*h + 12. List the prime factors of b(k).
2, 3, 5
Suppose 0 = -2*w + 83 + 7. What are the prime factors of w?
3, 5
Let h(i) = 5*i - 6. List the prime factors of h(4).
2, 7
Suppose 0 = -3*h + 16 + 11. What are the prime factors of h?
3
Let s = 4 - 14. Let t = -6 - s. List the prime factors of t.
2
Let d(m) = -m**3 - 2*m**2 - 4*m + 1. Let s be d(-4). Let a be -1*(-3 - 1 - 0). Suppose -3*i - 3*x + 18 = -0*x, x + s = a*i. List the prime factors of i.
11
Let n = 14 - 21. Let w(l) = 7*l**2 + 12*l - 4. Let g(v) = 3*v**2 + 6*v - 2. Let y(s) = 5*g(s) - 2*w(s). List the prime factors of y(n).
5
Let i(q) = 2*q + 1. Let p be i(6). Let h = p - -20. Suppose z - h = -2*z. What are the prime factors of z?
11
Let n(m) = -m + 10. Let y be n(5). Suppose -b = -y - 23. List the prime factors of b.
2, 7
Let b(v) = -5*v**2 + v**2 - 18*v + v**3 + 19*v + 4. List the prime factors of b(5).
2, 17
Let h be (-2452)/(-34) - 36/306. Suppose -15*j - h = -17*j. What are the prime factors of j?
2, 3
Let g(s) = -3*s - s**2 + 4*s + 6*s**2. Let v(x) = -x**3 - 6*x**2 + 6*x - 6. Let c be v(-7). What are the prime factors of g(c)?
2, 3
Let q = 465 + -128. List the prime factors of q.
337
Suppose 634 = 5*d + 114. What are the prime factors of d?
2, 13
Suppose -55 = d - x - 3*x, -215 = 5*d - 5*x. Let y = d + 58. Suppose 2*a - y = 1. What are the prime factors of a?
2, 5
Let p = 7 - 6. Suppose 23 = 2*l - p. List the prime factors of l.
2, 3
Let o(u) = -u**3 - 9*u**2 - 2*u + 2. List the prime factors of o(-9).
2, 5
Suppose -2*b + 40 = 4*m, 2*m - 86 = -3*b - b. List the prime factors of b.
2, 11
Let t(c) = c**2 + c - 1. Suppose -3*r = -6*r + 12. List the prime factors of t(r).
19
Let c be (7 - 1) + (-3 - -1). What are the prime factors of 2/(-1)*(-6)/c?
3
Let a be (-704)/6 + 7/21. Let o = -83 - a. List the prime factors of o.
2, 17
Suppose 0 = -b + 4*b - 159. What are the prime factors of b?
53
Suppose -2*c = -5*j - 16, -5*j = 2*c + c + 26. Let x(y) = -6*y**2 + y - 2. Let v be x(2). List the prime factors of (v/(-20))/(c/(-10)).
2, 3
Let n(o) = o + 1. What are the prime factors of n(15)?
2
Suppose 10*h = 5*h + 25. Suppose 3*p - 3 = 4*x - 2, -x + h = 0. List the prime factors of p.
7
Suppose 18*g = 13*g + 255. What are the prime factors of g?
3, 17
Suppose 0 = -3*j - 5*m + 900, -j - 3*m - 13 + 317 = 0. List the prime factors of j.
5, 59
Suppose -5*c = 4*h - 1178 - 59, -2*c = -3*h + 899. List the prime factors of h.
3, 101
Suppose -8*j + 310 = -826. List the prime factors of j.
2, 71
Let j(t) = 3*t**2 - 3*t. Let q be j(2). Suppose -b + 10 = 3*x, 5*x + q = 7*b - 3*b. What are the prime factors of b?
2
Suppose 0 = -4*m + 9*m + 2*h - 364, 3*m + 2*h - 220 = 0. Suppose c + c = m. What are the prime factors of c?
2, 3
List the prime factors of (148/6)/((-36)/(-54)).
37
Suppose 4*y = 2*z + 3*z + 3, 0 = -4*z - 12. What are the prime factors of (0 + y)*(-6 + 3)?
3
Suppose 0*c = 5*c - 70. What are the prime factors of (-3 - 10/(-2)) + c?
2
Let x = -4 + 7. Suppose 5*s = -5, t + 2*t - x*s = 63. List the prime factors of t.
2, 5
Suppose -x = -4*i - 39, -5*x = i + i - 107. What are the prime factors of x?
23
Let v be -3*1 - (1 + -6). Suppose -3*q - 4*t = -15, 5*q + 0*t = -v*t + 39. List the prime factors of q.
3
Suppose -w + g = -2*g - 20, -3*w = 2*g - 16. Suppose 0 = -0*j - 2*j + w. Suppose 3 = -2*q + q, 3*h - 42 = -j*q. What are the prime factors of h?
2, 3
Let x = 19 - 3. List the prime factors of x.
2
Suppose 0*y + y + 1 = 0. Let g be y/(2 - 62/30). What are the prime factors of -5*(18/g)/(-3)?
2
Let n(q) = -q**2 - 15*q + 4. List the prime factors of n(-5).
2, 3
Let x(y) = -y**3 - 6*y - 2. Let j be x(-6). List the prime factors of 3/4 - j/(-8).
2
Let n be (9/3)/3*3. What are the prime factors of (n/2)/(4/8)?
3
Suppose 0 = 3*k + k - i - 45, 4*k = 3*i + 47. What are the prime factors of k?
11
Let r = 13 + -9. Suppose 2*d - d = -c, -d = -c - r. List the prime factors of d.
2
Let k be (-16)/88 + 1324/22. Let u = k - 37. List the prime factors of u.
23
Let m(s) = 2*s**2 + 2*s - 2. Let n be -2*(-1)/1*-1. Let c = n - 0. List the prime factors of m(c).
2
Suppose 0 = -3*r - i + 140, -3*i = -0*i - 15. Suppose m - 4*m + r = 0. List the prime factors of m.
3, 5
Let r(k) = -6*k**3 - k**2 - 2*k. Let x be r(-2). Suppose 3*a = -a + x. What are the prime factors of a?
2, 3
Let g(k) = 18*k**2 + 3*k + 3. Let u be g(-2). Suppose 2*a + 4*t - 115 = -3*a, u = 3*a - 2*t. What are the prime factors of a?
23
Suppose 5*t = -4*o + 1043, 0 = 2*o + 3*o - 10. List the prime factors of t.
3, 23
List the prime factors of 15/((-1)/((-12)/9)).
2, 5
Let r(x) = 2*x**2 + 7*x - 3. Let f be r(-6). Let o = -19 + f. Suppose c + 0*c - 5*t = 10, -c + o = -3*t. What are the prime factors of c?
5
Let q be -5*(-2 + 1)*1. Suppose -n - 4*a = -22, -q*n = 2*a + 1 - 39. List the prime factors of n.
2, 3
List the prime factors of (-2 + 4/8)*-2.
3
Let u = -9 - -4. Let n = u - -8. Suppose -c = -3*c + n*i + 3, 2 = 2*i. What are the prime factors of c?
3
Let n(b) = 47*b**2 - 6*b + 1. What are the prime factors of n(-2)?
3, 67
Let k = -51 + 88. What are the prime factors of k?
37
Let u = 10 + -5. Suppose 0 + 5 = u*d. Let v = 12 + d. What are the prime factors of v?
13
Suppose 11*b - 258 = 10*b. What are the prime factors of b?
2, 3, 43
List the prime factors of 3/9*486/2.
3
Let k(v) = 5*v**2 - 13*v + 6. Let z(c) = -4*c**2 + 12*c - 6. Let y(n) = -5*k(n) - 6*z(n). Suppose o + d - 6*d = 9, 3 = o - 3*d. List the prime factors of y(o).
2, 3
What are the prime factors of 3 - (-36 + 4/1)?
5, 7
Suppose -3*u + 25 = -8. Let q = u - 15. List the prime factors of (-144)/(-14) + q/14.
2, 5
Suppose 3*a = 2*u + u - 6, 2*a = -2*u + 4. List the prime factors of 24/u*(-2)/(-3).
2
Let l be (-2362)/(-18) - 10/45. Suppose -2*a + 235 = 5*v + 3*a, a - l = -3*v. Suppose 22 = 4*c - v. What are the prime factors of c?
2
What are the prime factors of (-2 - -20)*24/9?
2, 3
Let a(w) = 3*w**2 - 6*w + 5. What are the prime factors of a(-5)?
2, 5, 11
Let o(z) = -z**3 + 6*z**2 - z + 5. Let i = -7 - -12. What are the prime factors of o(i)?
5
Suppose 0 = -4*g - g + 25. Suppose 5*o - 137 = -b, b + g = 2. List the prime factors of o.
2, 7
Suppose 3*f = 98 - 38. What are the prime factors of f?
2, 5
Let k be 2/(-1)*(-18)/4. Suppose -3 - k = -2*b. List the prime factors of (1 + (-4)/b)*27.
3
List the prime factors of 49569/155 - (-2)/10.
2, 5
Suppose 5*g - 5*w - 170 = 0, 3*g - 54 - 40 = w. List the prime factors of g.
2, 3, 5
What are the prime factors of (-435)/(-9) + (-1)/3?
2, 3
Suppose i + 808 = 5*i. What are the prime factors of i?
2, 101
Let t(y) = -7*y - 1. Let p(d) = 3*d. Let m(l) = -5*p(l) - 2*t(l). Let s = -2 - -2. What are the prime factors of m(s)?
2
Let v(s) be the first derivative of -s**7/840 - s**6/360 - s**5/60 - s**3 + 2. Let u(a) be the third derivative of v(a). List the prime factors of u(-2).
2
Let f(i) be the third derivative of i**4/24 + 5*i**3/3 + i**2. Let w = -19 + 19. What are the prime factors of f(w)?
2, 5
Let w = 79 + -61. What are the prime factors of w?
2, 3
Let d(j) = 11*j**2 - 14*j - 12. List the prime factors of d(5).
193
Let p(h) = h**3 + 5*h**2 - 2*h - 6. Let u = 7 + -12. Let i be p(u). Suppose -i*c + 41 = 5*q, 2*c - 22 = -2*q - c. What are the prime factors of q?
5
Let n(j) be the first derivative of -3*j**2/2 - j - 4. Suppose 3*l = -5*h - l - 13, h = 5*l + 9. List the prime factors of n(h).
2
Suppose -10 - 20 = -5*k. What are the prime factors of k?
2, 3
Let l(f) = 16*f**2 - 3*f - 3. Let x be l(-3). Suppose -2*c = 4*p - x, 0*c = 4*p + 5*c - 141. What are the prime factors of p?
3, 13
Suppose 2*g + 28 = 6*g. Suppose 0 = -v + 2*m + g, -m + 21 = 5*v + 3*m. List the prime factors of v.
5
Suppose -2*z - 7 = 11. Let c(p) = -p**3 - 8*p**2 + 8*p - 10.